*m**2 - 1 + 9 + m**2. Let h be z(6). Suppose -5*a + h = -a + y, 190 = 5*a + 2*y. Is a composite?
True
Let y(k) = k**2 - 6*k + 6. Let d be y(5). Suppose 0 = -p + 2*l, -3*p + d = 4*l - 9*l. Let g(s) = 65*s - 3. Is g(p) prime?
True
Let z(y) = -27*y - 10. Suppose 64 = -5*w + 4*v + 23, -3*w + 5*v - 22 = 0. Is z(w) a prime number?
True
Suppose -2*d + 2433 = -0*d - 5*g, -3*g = 3*d - 3639. Is d a prime number?
False
Suppose -19 + 111 = -4*o. Let s = o + 112. Is s composite?
False
Suppose 20 = 3*d + 2*d. Let a be (-3)/(-12) + 79/d. Suppose 4*g - a = 4. Is g composite?
True
Suppose 5*i - v = 663, v + 528 = 4*i - v. Is i a prime number?
False
Let c be (8/(-10))/((-14)/35). Is 1 + 36 + 2 - c composite?
False
Let i be (-1)/3 + (-208)/(-48). Suppose 4 = y + 3, i*z - 5*y - 19 = 0. Is z composite?
True
Suppose 181 = o - 2*v, 0 = -4*o + v + 3*v + 744. Is o a prime number?
True
Let i(a) = 10*a + 5. Let z be i(7). Let c be (8/(-12))/((-2)/z). Let m = 26 + c. Is m composite?
True
Suppose 4*m + 2*d - 240 - 1030 = 0, 2*m = -4*d + 626. Is m a prime number?
False
Let y be (-1)/4 + 225/20. Suppose 1 - y = -b. Is b a prime number?
False
Suppose 4*f = 4*u + 5*f - 315, 0 = 5*u - 3*f - 398. Let b = u + -26. Is b a composite number?
False
Let l = 218 - 74. Let q = l + -62. Is q composite?
True
Suppose 2*q = -q + 321. Let w = 8 + q. Is w a composite number?
True
Suppose 0 = -o - 172 + 1413. Is o composite?
True
Let o be 2 + (-4)/(16/(-76)). Let j = 36 + -24. Suppose g = j + o. Is g composite?
True
Let v(c) = 2*c - 9. Let z be v(6). Suppose 1 + 1 = s, -z*s = -4*u + 6. Is u a composite number?
False
Suppose -5*l = 5*i - 45, 3*l + 6*i - i = 25. Let x be (-8)/3 + (-1)/3. Is l + -1 + x + 7 a prime number?
True
Let h be 2/6 + 1364/3. Suppose 0*i - 5*i - 2*b = -h, 2*b = 0. Is i prime?
False
Let l(k) = -127*k**3 - k**2 + 2*k + 1. Is l(-2) prime?
True
Suppose 0 = -7*w - 60 + 1103. Is w composite?
False
Let y(t) = -2*t - 4. Let a be y(-4). Let m(h) = 22*h - 1. Is m(a) prime?
False
Let u = -9070 + -12049. Is 4/(-18) - u/63 a composite number?
True
Let s = 53 - 16. Let j = 68 - s. Let c = -12 + j. Is c composite?
False
Let h(g) = g + 9. Let b be h(-6). Is b/2 - 2342/(-4) prime?
True
Let k = 4 - 2. Suppose -k*l - 8 = 2*l. Is (-2 + (-98)/4)*l composite?
False
Let c be 3*((-5)/(-3) + -1). Let q = c - 2. Is (-1 - 1) + (q - -67) a composite number?
True
Suppose 3*n - 26 = 88. Suppose 0 = b - o - 84, 0 = b + 5*o - 40 - n. Is b prime?
True
Let d be 1/((-2 - -3)/37). Is d - (0 + (1 - 1)) composite?
False
Suppose -5*w + 115 = -4*w. Is w a prime number?
False
Suppose -5*i = -4*i - 103. Is i a composite number?
False
Let x be (18/4 + -3)*-68. Is (-15)/2*x/9 a composite number?
True
Let m be ((-5)/(-2))/(-5)*-4. Let x = 5 - m. Is x a composite number?
False
Suppose 3*m + 678 = 5*m. Suppose 0*d + m = 3*d. Is d a prime number?
True
Suppose -3*d - 31 = 5*v, -2*d + v = -0*d + 38. Let n = -12 - d. Suppose -n*i - 5*h - 46 = -316, -h + 258 = 5*i. Is i a prime number?
False
Let h = 68 - 10. Is h composite?
True
Is (-10)/15*1 + (-213)/(-9) a composite number?
False
Suppose 3*q - 921 = 2*s, -4*q + 3*s = 5*s - 1228. Is q prime?
True
Let p = -3 - -4. Let w be (p - -4) + -2 - -1. Let d = 7 + w. Is d prime?
True
Let u be 4 + (-3 - -2)*0. Suppose -b + u*b + 54 = 0. Let f = b - -33. Is f a composite number?
True
Suppose 4*h = -s + 101, 243 = 3*s - 2*h - h. Is s a prime number?
False
Suppose -5*w + 4*l = -45, 0 = -w + l - 2*l. Let d = 8 + w. Is d a prime number?
True
Suppose -4*f - 9 = -7*f. Suppose -1 = f*a + 2, -3*x + 5*a + 704 = 0. Is x composite?
False
Suppose -941 = 3*o - 4415. Suppose 2*h + 2*h - 2*i = o, -4*h + i = -1153. Is h a prime number?
False
Suppose t - 5 = 2*o + 4, -5*t - 5*o = -30. Suppose 0 = 8*v - t*v - 679. Is v prime?
False
Let l = 34 - 2. Let i = -11 + l. Let z = i + 16. Is z a composite number?
False
Suppose -4*t + 2*t + 204 = 0. Let m = t + -49. Is m a composite number?
False
Suppose 2*a - 5*a = 2*j - 73, 0 = -j + 2*a + 33. Suppose -3*y + 31 = -j. Is y a composite number?
True
Let f(c) = 28*c**2 - 30*c - 15. Is f(8) a composite number?
True
Let q be 6/2 - 21*141. Is (-10)/35 + q/(-14) a prime number?
True
Is (-1)/((-3 - 0)/1137) a prime number?
True
Let l be (-12)/(-8)*(-10)/(-3). Let q(w) = -3*w**3 + 3*w - 2*w**2 - 1 + 4*w**3 + 0*w. Is q(l) a prime number?
True
Let j be (9/(-3))/((-3)/4). Let n(l) = 3*l**2 + 5*l**2 - j*l**2 - 4 + l. Is n(3) prime?
False
Let x = 163 - 107. Let q = x + -37. Is q a prime number?
True
Let x(v) = 65*v**3 - v**2 - v + 1. Let o be x(1). Suppose 3*l - o = 5. Is l composite?
False
Suppose -9*m - m + 19490 = 0. Is m prime?
True
Is 1/((0 - 1)/(-205)) composite?
True
Suppose 3*p = 2*k + 5, -4*p = 4*k - 13 - 7. Let t(d) = 0*d**3 - d**p - d**2 + 30 + 32. Is t(0) a composite number?
True
Let v = 13430 + 1910. Is (-1)/(-4) + v/16 a prime number?
False
Let t = -505 + 1248. Is t a prime number?
True
Let t(u) = -26*u - 1. Let a be t(-1). Let i = a - 4. Is i composite?
True
Let c be (4/(-6))/((-6)/675). Let h be (0 + 0 - -5) + -1. Suppose 3*a + 2*f - 134 = 0, 4*a = -h*f + c + 101. Is a a prime number?
False
Let c(g) be the second derivative of -8*g**5/5 + g**4/12 - g**3/3 + g**2/2 - 6*g. Is c(-2) a composite number?
True
Suppose 2*o = -o - 12. Let x be (-2)/(-8) + (-275)/o. Let w = x + -46. Is w prime?
True
Suppose 4*j - 29 = 3. Let z(g) = g**2 - 8*g + 3. Let m be z(j). Suppose 8*t - 445 = m*t. Is t composite?
False
Let i be 3/(-5) - 4/10. Let a be (1/3)/(i/(-93)). Suppose -101 = -2*c - a. Is c prime?
False
Let g(l) = l**3 - 4*l**2 - 6*l + 7. Let k be g(5). Suppose -k*a - 3*a = -610. Is 1/(-4) + a/8 composite?
True
Let a(b) = -25*b - 4. Let h be a(-8). Suppose -3*u + z + h = 0, u - 4*u = -5*z - 200. Is u a prime number?
False
Let n(w) be the third derivative of w**5/60 - w**4/24 - w**3/2 + 2*w**2. Let t be n(0). Is t + (19 - 1/1) a prime number?
False
Let o(t) = -t + 3. Let s(y) = y - 3. Let a(u) = 5*o(u) + 6*s(u). Let f be a(7). Is 47*(9/(-3) + f) a composite number?
False
Suppose -2*g - 2*k = 50, 162 = -5*g + k + 25. Let b = g - -42. Suppose 4*n = t - 53, 6 = t + 4*n - b. Is t a composite number?
False
Suppose 2*r = -2*r + 24. Suppose 0 = 3*v - 5*v + r. Let h = v - -20. Is h prime?
True
Let m(x) = -x**2 + 835. Is m(0) composite?
True
Let o(a) = -a**3 + 9*a**2 + 14*a + 1. Is o(9) prime?
True
Let m be ((-1)/2)/((-5)/(-10)). Let t be m/2 - 2/(-4). Suppose t*x - 21 = -x. Is x composite?
True
Let r = 16125 - 9346. Is r prime?
True
Let d(n) = -1 + 0 + 0. Let u(g) = -5*g - 6. Let b(t) = -5*d(t) + u(t). Is b(-4) composite?
False
Suppose 4*k - 10 = 2*x - 4, -2*k + 5*x - 9 = 0. Let a(s) = 4*s**3 + 4*s**2 - 4*s + 1. Is a(k) a composite number?
True
Let g be ((-4)/(-10))/((-1)/(-5)). Suppose -5*f - 3 = g, -2*f = -3*q + 35. Let n = q + -5. Is n prime?
False
Let f = 1870 + -731. Is f a composite number?
True
Let y = 22 + -8. Let p = y + -7. Suppose p*c = 3*c + 356. Is c a prime number?
True
Let j(t) = -9*t**3 - 5*t**2 + 7*t - 8. Is j(-9) a composite number?
True
Is (-9 + 5)*791/(-4) a composite number?
True
Let n(s) = -s**3 - 3*s**2 + 2*s - 10. Is n(-6) prime?
False
Let l(i) = 6*i**2 + i - 9. Is l(8) prime?
True
Let w(q) = 0 + 4 - 5 + 122*q. Is w(1) prime?
False
Suppose 87 = 2*g - 53. Let i be (126/49)/(3/g). Suppose -2*p = -i - 14. Is p a prime number?
True
Suppose 0 = 4*x - 0*x - 568. Is x composite?
True
Let g = -1512 + 2186. Is g a composite number?
True
Suppose -3*p = -3*z - 924, -5*p + 0*p = 5*z - 1530. Is p a composite number?
False
Let m(t) = t**3 + 5*t**2 + 4*t - 1. Let f be m(-4). Is 1*(f + 2)*69 composite?
True
Let f = -1 - -3. Suppose 0*c - f*s = 3*c - 9, -c = -s - 3. Suppose -2*y + i = 1 - 17, 21 = 3*y - c*i. Is y a composite number?
True
Let z(v) = -v**3 - 5*v**2 + 15*v - 6. Is z(-13) prime?
True
Let m(n) = -n**3 - 9*n**2 - n + 5. Let d be m(-6). Let g = 143 + d. Suppose -2*l = -l - 2, -2*z = 2*l - g. Is z a composite number?
True
Let a = -111 - -637. Is a composite?
True
Let m = 3846 + -2587. Is m composite?
False
Is (-3570)/(-24) + (-1)/(-4) a prime number?
True
Suppose 3*l = -4*h + 639, 2*h = 5*l - l - 852. Let d = 78 + l. Is d a composite number?
True
Is -8 + 9 + 163 + -1 composite?
False
Suppose -2 - 64 = -2*g. Is g a composite number?
True
Is (2 + -6 + 8)*-1 - -41